{"id":1832,"date":"2024-01-14T18:28:00","date_gmt":"2024-01-14T17:28:00","guid":{"rendered":"https:\/\/erweckedeinpotential.de\/hestia-front\/"},"modified":"2024-10-18T10:10:36","modified_gmt":"2024-10-18T08:10:36","slug":"hestia-front","status":"publish","type":"page","link":"https:\/\/erweckedeinpotential.de\/en\/","title":{"rendered":"Startseite"},"content":{"rendered":"<h2 class=\"wp-block-heading\">Erkenne und lebe deine Berufung f\u00fcr Erf\u00fcllung und Gl\u00fccklichsein<\/h2>\n\n\n<div class=\"wp-block-image\">\n<figure class=\"alignright size-medium\"><img fetchpriority=\"high\" decoding=\"async\" width=\"200\" height=\"300\" src=\"https:\/\/erweckedeinpotential.de\/wp-content\/uploads\/2021\/10\/MG_0888-200x300.jpg\" alt=\"\" class=\"wp-image-1870\" srcset=\"https:\/\/erweckedeinpotential.de\/wp-content\/uploads\/2021\/10\/MG_0888-200x300.jpg 200w, https:\/\/erweckedeinpotential.de\/wp-content\/uploads\/2021\/10\/MG_0888-600x900.jpg 600w, https:\/\/erweckedeinpotential.de\/wp-content\/uploads\/2021\/10\/MG_0888-683x1024.jpg 683w, https:\/\/erweckedeinpotential.de\/wp-content\/uploads\/2021\/10\/MG_0888-768x1152.jpg 768w, https:\/\/erweckedeinpotential.de\/wp-content\/uploads\/2021\/10\/MG_0888-8x12.jpg 8w, https:\/\/erweckedeinpotential.de\/wp-content\/uploads\/2021\/10\/MG_0888.jpg 1000w\" sizes=\"(max-width: 200px) 100vw, 200px\" \/><\/figure>\n<\/div>\n\n\n<p class=\"has-black-color has-text-color\" style=\"font-size:22px\">Seit 2012 helfe ich Menschen ihr Herz zu \u00f6ffnen, um die Botschaften ihrer wahren Essenz zu erkennen, zu verstehen und dann umzusetzen. Das ist die Basis, um im Einklang von Herz und Verstand zu leben. Jeder ist einzigartig mit seinen besonderen Begabungen und F\u00e4higkeiten. Selbstverwirklichung im Leben ist m\u00f6glich durch das Entdecken und Erwecken der uns gegebenen Potentiale. Auf diese Weise k\u00f6nnen wir im Fluss unserer kreativen M\u00f6glichkeiten aus unserem Herzen heraus leben.<\/p>\n\n\n\n<p class=\"has-black-color has-text-color\" style=\"font-size:22px\">Gerne unterst\u00fctze ich dich dabei und lade dich zu einem kostenlosen Erstgespr\u00e4ch ein.<\/p>\n\n\n\n<p class=\"has-black-color has-text-color\" style=\"font-size:22px\">Ich freue mich dich kennenzulernen.<\/p>\n\n\n\n<p class=\"has-black-color has-text-color\" style=\"font-size:22px\">Herzlichst deine Birgit Seefeldt<\/p>\n\n\n\n<p> <\/p>\n\n\n\n<p>&nbsp;<\/p>\n\n\n\n<div class=\"wp-block-cover alignfull is-light has-parallax is-style-rounded\"><span aria-hidden=\"true\" class=\"wp-block-cover__background has-background-dim-20 has-background-dim\"><\/span><div role=\"img\" class=\"wp-block-cover__image-background wp-image-2058 has-parallax\" style=\"background-position:50% 50%;background-image:url(https:\/\/erweckedeinpotential.de\/wp-content\/uploads\/2022\/10\/pexels-johannes-plenio-2957860-1024x683.jpg)\"><\/div><div class=\"wp-block-cover__inner-container is-layout-flow wp-block-cover-is-layout-flow\">\n<h2 class=\"wp-block-heading has-text-align-center has-text-color has-large-font-size\" style=\"color:#fff4da\">Herz und Verstand<\/h2>\n\n\n\n<p class=\"has-text-align-center has-text-color\" style=\"color:#fbf5dd;font-size:24px\"><strong>Das Herz und der Verstand \u2013<br>die sollen gehen Hand in Hand.<br>Das Wichtigste, was z\u00e4hlt in deinem Leben,<br>ist das Herz und Verstand sich in Einheit begeben.<br>Was n\u00fctzt es, wenn du bist, sehr schlau,<br>wenn immer dir ist im Magen oft flau?<br>Das hei\u00dft, wenn du nicht wei\u00dft, was gut und richtig,<br>f\u00fcr dich, mein Kind, denn das ist sehr wichtig.<br>Du musst es f\u00fchlen, dass Alles in Einklang ist in dir,<br>erst dann kannst du erkennen, den Grund wozu bist du hier.<br>Es braucht viel Kraft und Mut dies zuzulassen,<br>um nicht mehr nachzuahmen den Menschenmassen.<br>Jeder Einzelne hat seine Mission in seinem Leben,<br>wodurch er kann aus dem Herzen sein Bestes geben.<br>Mein Kind, du erkennst genau, dass du sie gefunden,<br>wenn wie im Flug vergehen die meisten Stunden.<br>Du Freude und Liebe f\u00fchlst in deinem Herzen.<br>Du gl\u00fccklich bist und aufgelegt zu vielen Scherzen.<br>Dein Leben nicht mehr so schwer wird sein.<br>Es zieht dann dort Gl\u00fcck und Frieden ein.<\/strong><\/p>\n\n\n\n<p class=\"has-text-align-center has-text-color has-medium-font-size\" style=\"color:#fbf5dd\"><strong>Shi Jia Mo Ni Fo<\/strong><\/p>\n\n\n\n<p class=\"has-text-align-center has-text-color has-medium-font-size\" style=\"color:#fbf5dd\">empfangen durch Birgit Seefeldt am 23. August 2014<\/p>\n<\/div><\/div>\n\n\n\n<div class=\"wp-block-cover is-light\" style=\"min-height:150px;aspect-ratio:unset;\"><span aria-hidden=\"true\" class=\"wp-block-cover__background has-white-background-color has-background-dim-100 has-background-dim\"><\/span><div class=\"wp-block-cover__inner-container is-layout-flow wp-block-cover-is-layout-flow\">\n<h4 class=\"wp-block-heading has-text-align-center has-text-color has-background has-x-large-font-size\" style=\"color:#501818;background-color:#f2d03854;text-transform:uppercase\">Workshopangebote der Saison f\u00fcr dich<\/h4>\n<\/div><\/div>\n\n\n\n<figure class=\"wp-block-image alignfull size-large\"><img decoding=\"async\" width=\"1024\" height=\"1024\" src=\"https:\/\/erweckedeinpotential.de\/wp-content\/uploads\/2024\/05\/Instagram-Beitrag-Workshops-2024-leer-1024x1024.jpg\" alt=\"\" class=\"wp-image-2864\" srcset=\"https:\/\/erweckedeinpotential.de\/wp-content\/uploads\/2024\/05\/Instagram-Beitrag-Workshops-2024-leer-1024x1024.jpg 1024w, https:\/\/erweckedeinpotential.de\/wp-content\/uploads\/2024\/05\/Instagram-Beitrag-Workshops-2024-leer-300x300.jpg 300w, https:\/\/erweckedeinpotential.de\/wp-content\/uploads\/2024\/05\/Instagram-Beitrag-Workshops-2024-leer-150x150.jpg 150w, https:\/\/erweckedeinpotential.de\/wp-content\/uploads\/2024\/05\/Instagram-Beitrag-Workshops-2024-leer-768x768.jpg 768w, https:\/\/erweckedeinpotential.de\/wp-content\/uploads\/2024\/05\/Instagram-Beitrag-Workshops-2024-leer-12x12.jpg 12w, https:\/\/erweckedeinpotential.de\/wp-content\/uploads\/2024\/05\/Instagram-Beitrag-Workshops-2024-leer.jpg 1080w\" sizes=\"(max-width: 1024px) 100vw, 1024px\" \/><\/figure>\n\n\n\n<div class=\"wp-block-cover alignfull is-light has-parallax\" style=\"min-height:100vh;aspect-ratio:unset;\"><span aria-hidden=\"true\" class=\"wp-block-cover__background has-background-dim-0 has-background-dim\"><\/span><div role=\"img\" class=\"wp-block-cover__image-background wp-image-2794 has-parallax\" style=\"background-position:50% 50%;background-image:url(https:\/\/erweckedeinpotential.de\/wp-content\/uploads\/2024\/03\/Wolken-ueber-gruenem-Land-3.jpg)\"><\/div><div class=\"wp-block-cover__inner-container is-layout-flow wp-block-cover-is-layout-flow\">\n<p class=\"has-text-align-center has-text-color\" style=\"color:#104a19;font-size:50px\"><strong><strong>8- teilige Workshopserie PLUS<\/strong><\/strong><\/p>\n\n\n\n<p class=\"has-text-align-center has-text-color\" style=\"color:#104a19;font-size:50px\"><strong>Entwickle Stressresistenz, Wandle Minus in Plus<\/strong>; <strong>SEI EINFACH GUT ZU DIR!<\/strong><\/p>\n\n\n\n<p><\/p>\n\n\n\n<p class=\"has-text-align-center has-text-color has-background has-x-large-font-size\" style=\"color:#420d0d;background-color:#e6e6e687;font-style:normal;font-weight:800\"><strong>Workshopserie vom April bis Juni 2024<\/strong><br><strong>n\u00e4chster Termin 28. Mai 2024 17.00 &#8211; 19.00 Uhr<\/strong><\/p>\n\n\n\n<div class=\"wp-block-buttons is-layout-flex wp-block-buttons-is-layout-flex\">\n<div class=\"wp-block-button aligncenter is-style-fill\"><a class=\"wp-block-button__link has-white-color has-accent-background-color has-text-color has-background wp-element-button\" href=\"https:\/\/erweckedeinpotential.de\/en\/workshopserie-ab-16. Januar-2024\/\">Mehr erfahren&#8230;<\/a><\/div>\n<\/div>\n<\/div><\/div>\n\n\n\n<div class=\"wp-block-cover alignfull is-light has-parallax\" style=\"min-height:100vh;aspect-ratio:unset;\"><span aria-hidden=\"true\" class=\"wp-block-cover__background has-background-dim-0 has-background-dim\"><\/span><div role=\"img\" class=\"wp-block-cover__image-background wp-image-2710 has-parallax\" style=\"background-position:50% 50%;background-image:url(https:\/\/erweckedeinpotential.de\/wp-content\/uploads\/2024\/01\/pexels-cedric-fauntleroy-7220681.jpg)\"><\/div><div class=\"wp-block-cover__inner-container is-layout-flow wp-block-cover-is-layout-flow\">\n<p class=\"has-text-align-center has-text-color\" style=\"color:#1d7da8;font-size:95px;font-style:normal;font-weight:900\"><strong>Liebe Frieden Harmonie Singen<\/strong> <\/p>\n\n\n\n<div class=\"wp-block-buttons is-content-justification-center is-layout-flex wp-container-core-buttons-is-layout-a89b3969 wp-block-buttons-is-layout-flex\" id=\"https:\/\/erweckedeinpotential.de\/wp-admin\/post.php?post=2734&amp;action=edit\">\n<div class=\"wp-block-button\"><a class=\"wp-block-button__link wp-element-button\">mehr erfahren<\/a><\/div>\n<\/div>\n\n\n\n<p class=\"has-text-align-center has-text-color has-background has-large-font-size\" style=\"color:#1d7da8;background-color:#f2f0f1ba;font-style:normal;font-weight:700\">jeden Morgen von 8.30 Uhr bis 9.00 Uhr f\u00fcr ALLE und ALLES auf Zoom &#8211; DU WILLST AUCH EINEN BEITRAG LEISTEN DAF\u00dcR &#8211; Bitte nimm Kontakt auf wir freuen uns, HERZLICH WILLKOMMEN! <strong> <\/strong><\/p>\n<\/div><\/div>\n\n\n\n<div class=\"wp-block-cover alignfull is-light has-parallax\" style=\"min-height:947px;aspect-ratio:unset;\"><span aria-hidden=\"true\" class=\"wp-block-cover__background has-background-dim\"><\/span><div role=\"img\" class=\"wp-block-cover__image-background wp-image-2756 has-parallax\" style=\"background-position:50% 50%;background-image:url(https:\/\/erweckedeinpotential.de\/wp-content\/uploads\/2024\/01\/LPHF-Banner-Webseite--1024x576.jpg)\"><\/div><div class=\"wp-block-cover__inner-container is-layout-flow wp-block-cover-is-layout-flow\">\n<h2 class=\"wp-block-heading has-text-align-center has-background-color-color has-text-color has-x-large-font-size\"><strong>ENTSPANNUNG &amp; VERST\u00c4RKUNG DEINES WOHLBEFINDENS <\/strong><\/h2>\n\n\n\n<h1 class=\"wp-block-heading has-text-align-center has-background-color-color has-text-color has-x-large-font-size\"><strong>im Liebe Frieden Harmonie Feld<\/strong><\/h1>\n\n\n\n<p class=\"has-text-align-center has-text-color has-x-large-font-size\" style=\"color:#1ee8e8\"><strong>PAUSIERT BIS ENDE NOVEMBER 2024 <\/strong><\/p>\n\n\n\n<div class=\"wp-block-buttons is-content-justification-center is-layout-flex wp-container-core-buttons-is-layout-a89b3969 wp-block-buttons-is-layout-flex\">\n<div class=\"wp-block-button\"><a class=\"wp-block-button__link wp-element-button\" href=\"https:\/\/erweckedeinpotential.de\/en\/bewegte-und-stille-meditation-im-liebe-frieden-harmonie-feld\/\">mehr erfahren<\/a><\/div>\n<\/div>\n<\/div><\/div>\n\n\n\n<div class=\"wp-block-cover alignfull is-light has-parallax\" style=\"min-height:45em;aspect-ratio:unset;\"><span aria-hidden=\"true\" class=\"wp-block-cover__background has-background-dim-0 has-background-dim\"><\/span><div role=\"img\" class=\"wp-block-cover__image-background wp-image-1955 has-parallax\" style=\"background-position:50% 50%;background-image:url(https:\/\/erweckedeinpotential.de\/wp-content\/uploads\/2022\/09\/pexels-dua-chuot-917076a.jpg)\"><\/div><div class=\"wp-block-cover__inner-container is-layout-flow wp-block-cover-is-layout-flow\">\n<p class=\"has-text-align-center has-text-color\" style=\"color:#dd2764;font-size:72px\"><strong>Sei gut zu dir!<\/strong><\/p>\n\n\n\n<p class=\"has-text-align-center has-text-color has-large-font-size\" style=\"color:#007a10\"><strong> jeden 2. Freitag im Monat<br>18:30 &#8211; 19:30 Uhr<\/strong><br><strong>Online auf Zoom <\/strong><\/p>\n\n\n\n<p class=\"has-text-align-center has-text-color has-x-large-font-size\" style=\"color:#dd2764\"><strong>n\u00e4chster Termin: pausiert bis Juni 2024<\/strong><\/p>\n\n\n\n<div class=\"wp-block-buttons is-content-justification-center is-layout-flex wp-container-core-buttons-is-layout-a89b3969 wp-block-buttons-is-layout-flex\">\n<div class=\"wp-block-button is-style-fill\"><a class=\"wp-block-button__link has-white-color has-accent-background-color has-text-color has-background wp-element-button\" href=\"https:\/\/erweckedeinpotential.de\/en\/lichtbaden\/\">Mehr erfahren&#8230;<\/a><\/div>\n<\/div>\n<\/div><\/div>","protected":false},"excerpt":{"rendered":"<p>Erkenne und lebe deine Berufung f\u00fcr Erf\u00fcllung und Gl\u00fccklichsein Seit 2012 helfe ich Menschen ihr Herz zu \u00f6ffnen, um die Botschaften ihrer wahren Essenz zu erkennen, zu verstehen und dann umzusetzen. Das ist die Basis, um im Einklang von Herz und Verstand zu leben. Jeder ist einzigartig mit seinen besonderen [&hellip;]<\/p>\n","protected":false},"author":1,"featured_media":0,"parent":0,"menu_order":0,"comment_status":"closed","ping_status":"closed","template":"","meta":{"footnotes":""},"class_list":["post-1832","page","type-page","status-publish","hentry"],"_links":{"self":[{"href":"https:\/\/erweckedeinpotential.de\/en\/wp-json\/wp\/v2\/pages\/1832","targetHints":{"allow":["GET"]}}],"collection":[{"href":"https:\/\/erweckedeinpotential.de\/en\/wp-json\/wp\/v2\/pages"}],"about":[{"href":"https:\/\/erweckedeinpotential.de\/en\/wp-json\/wp\/v2\/types\/page"}],"author":[{"embeddable":true,"href":"https:\/\/erweckedeinpotential.de\/en\/wp-json\/wp\/v2\/users\/1"}],"replies":[{"embeddable":true,"href":"https:\/\/erweckedeinpotential.de\/en\/wp-json\/wp\/v2\/comments?post=1832"}],"version-history":[{"count":210,"href":"https:\/\/erweckedeinpotential.de\/en\/wp-json\/wp\/v2\/pages\/1832\/revisions"}],"predecessor-version":[{"id":2876,"href":"https:\/\/erweckedeinpotential.de\/en\/wp-json\/wp\/v2\/pages\/1832\/revisions\/2876"}],"wp:attachment":[{"href":"https:\/\/erweckedeinpotential.de\/en\/wp-json\/wp\/v2\/media?parent=1832"}],"curies":[{"name":"wp","href":"https:\/\/api.w.org\/{rel}","templated":true}]}}

<h2 class="wp-block-heading">Erkenne und lebe deine Berufung für Erfüllung und Glücklichsein</h2>


<div class="wp-block-image">
<figure class="alignright size-medium"><img fetchpriority="high" decoding="async" width="200" height="300" src="https://erweckedeinpotential.de/wp-content/uploads/2021/10/MG_0888-200x300.jpg" alt="" class="wp-image-1870" srcset="https://erweckedeinpotential.de/wp-content/uploads/2021/10/MG_0888-200x300.jpg 200w, https://erweckedeinpotential.de/wp-content/uploads/2021/10/MG_0888-600x900.jpg 600w, https://erweckedeinpotential.de/wp-content/uploads/2021/10/MG_0888-683x1024.jpg 683w, https://erweckedeinpotential.de/wp-content/uploads/2021/10/MG_0888-768x1152.jpg 768w, https://erweckedeinpotential.de/wp-content/uploads/2021/10/MG_0888-8x12.jpg 8w, https://erweckedeinpotential.de/wp-content/uploads/2021/10/MG_0888.jpg 1000w" sizes="(max-width: 200px) 100vw, 200px" /></figure>
</div>


<p class="has-black-color has-text-color" style="font-size:22px">Seit 2012 helfe ich Menschen ihr Herz zu öffnen, um die Botschaften ihrer wahren Essenz zu erkennen, zu verstehen und dann umzusetzen. Das ist die Basis, um im Einklang von Herz und Verstand zu leben. Jeder ist einzigartig mit seinen besonderen Begabungen und Fähigkeiten. Selbstverwirklichung im Leben ist möglich durch das Entdecken und Erwecken der uns gegebenen Potentiale. Auf diese Weise können wir im Fluss unserer kreativen Möglichkeiten aus unserem Herzen heraus leben.</p>



<p class="has-black-color has-text-color" style="font-size:22px">Gerne unterstütze ich dich dabei und lade dich zu einem kostenlosen Erstgespräch ein.</p>



<p class="has-black-color has-text-color" style="font-size:22px">Ich freue mich dich kennenzulernen.</p>



<p class="has-black-color has-text-color" style="font-size:22px">Herzlichst deine Birgit Seefeldt</p>



<p> </p>



<p>&nbsp;</p>



<div class="wp-block-cover alignfull is-light has-parallax is-style-rounded"><span aria-hidden="true" class="wp-block-cover__background has-background-dim-20 has-background-dim"></span><div role="img" class="wp-block-cover__image-background wp-image-2058 has-parallax" style="background-position:50% 50%;background-image:url(https://erweckedeinpotential.de/wp-content/uploads/2022/10/pexels-johannes-plenio-2957860-1024x683.jpg)"></div><div class="wp-block-cover__inner-container is-layout-flow wp-block-cover-is-layout-flow">
<h2 class="wp-block-heading has-text-align-center has-text-color has-large-font-size" style="color:#fff4da">Herz und Verstand</h2>



<p class="has-text-align-center has-text-color" style="color:#fbf5dd;font-size:24px"><strong>Das Herz und der Verstand –<br>die sollen gehen Hand in Hand.<br>Das Wichtigste, was zählt in deinem Leben,<br>ist das Herz und Verstand sich in Einheit begeben.<br>Was nützt es, wenn du bist, sehr schlau,<br>wenn immer dir ist im Magen oft flau?<br>Das heißt, wenn du nicht weißt, was gut und richtig,<br>für dich, mein Kind, denn das ist sehr wichtig.<br>Du musst es fühlen, dass Alles in Einklang ist in dir,<br>erst dann kannst du erkennen, den Grund wozu bist du hier.<br>Es braucht viel Kraft und Mut dies zuzulassen,<br>um nicht mehr nachzuahmen den Menschenmassen.<br>Jeder Einzelne hat seine Mission in seinem Leben,<br>wodurch er kann aus dem Herzen sein Bestes geben.<br>Mein Kind, du erkennst genau, dass du sie gefunden,<br>wenn wie im Flug vergehen die meisten Stunden.<br>Du Freude und Liebe fühlst in deinem Herzen.<br>Du glücklich bist und aufgelegt zu vielen Scherzen.<br>Dein Leben nicht mehr so schwer wird sein.<br>Es zieht dann dort Glück und Frieden ein.</strong></p>



<p class="has-text-align-center has-text-color has-medium-font-size" style="color:#fbf5dd"><strong>Shi Jia Mo Ni Fo</strong></p>



<p class="has-text-align-center has-text-color has-medium-font-size" style="color:#fbf5dd">empfangen durch Birgit Seefeldt am 23. August 2014</p>
</div></div>



<div class="wp-block-cover is-light" style="min-height:150px;aspect-ratio:unset;"><span aria-hidden="true" class="wp-block-cover__background has-white-background-color has-background-dim-100 has-background-dim"></span><div class="wp-block-cover__inner-container is-layout-flow wp-block-cover-is-layout-flow">
<h4 class="wp-block-heading has-text-align-center has-text-color has-background has-x-large-font-size" style="color:#501818;background-color:#f2d03854;text-transform:uppercase">Workshopangebote der Saison für dich</h4>
</div></div>



<figure class="wp-block-image alignfull size-large"><img decoding="async" width="1024" height="1024" src="https://erweckedeinpotential.de/wp-content/uploads/2024/05/Instagram-Beitrag-Workshops-2024-leer-1024x1024.jpg" alt="" class="wp-image-2864" srcset="https://erweckedeinpotential.de/wp-content/uploads/2024/05/Instagram-Beitrag-Workshops-2024-leer-1024x1024.jpg 1024w, https://erweckedeinpotential.de/wp-content/uploads/2024/05/Instagram-Beitrag-Workshops-2024-leer-300x300.jpg 300w, https://erweckedeinpotential.de/wp-content/uploads/2024/05/Instagram-Beitrag-Workshops-2024-leer-150x150.jpg 150w, https://erweckedeinpotential.de/wp-content/uploads/2024/05/Instagram-Beitrag-Workshops-2024-leer-768x768.jpg 768w, https://erweckedeinpotential.de/wp-content/uploads/2024/05/Instagram-Beitrag-Workshops-2024-leer-12x12.jpg 12w, https://erweckedeinpotential.de/wp-content/uploads/2024/05/Instagram-Beitrag-Workshops-2024-leer.jpg 1080w" sizes="(max-width: 1024px) 100vw, 1024px" /></figure>



<div class="wp-block-cover alignfull is-light has-parallax" style="min-height:100vh;aspect-ratio:unset;"><span aria-hidden="true" class="wp-block-cover__background has-background-dim-0 has-background-dim"></span><div role="img" class="wp-block-cover__image-background wp-image-2794 has-parallax" style="background-position:50% 50%;background-image:url(https://erweckedeinpotential.de/wp-content/uploads/2024/03/Wolken-ueber-gruenem-Land-3.jpg)"></div><div class="wp-block-cover__inner-container is-layout-flow wp-block-cover-is-layout-flow">
<p class="has-text-align-center has-text-color" style="color:#104a19;font-size:50px"><strong><strong>8- teilige Workshopserie PLUS</strong></strong></p>



<p class="has-text-align-center has-text-color" style="color:#104a19;font-size:50px"><strong>Entwickle Stressresistenz, Wandle Minus in Plus</strong>; <strong>SEI EINFACH GUT ZU DIR!</strong></p>



<p></p>



<p class="has-text-align-center has-text-color has-background has-x-large-font-size" style="color:#420d0d;background-color:#e6e6e687;font-style:normal;font-weight:800"><strong>Workshopserie vom April bis Juni 2024</strong><br><strong>nächster Termin 28. Mai 2024 17.00 &#8211; 19.00 Uhr</strong></p>



<div class="wp-block-buttons is-layout-flex wp-block-buttons-is-layout-flex">
<div class="wp-block-button aligncenter is-style-fill"><a class="wp-block-button__link has-white-color has-accent-background-color has-text-color has-background wp-element-button" href="https://erweckedeinpotential.de/en/workshopserie-ab-16. Januar-2024/">Mehr erfahren&#8230;</a></div>
</div>
</div></div>



<div class="wp-block-cover alignfull is-light has-parallax" style="min-height:100vh;aspect-ratio:unset;"><span aria-hidden="true" class="wp-block-cover__background has-background-dim-0 has-background-dim"></span><div role="img" class="wp-block-cover__image-background wp-image-2710 has-parallax" style="background-position:50% 50%;background-image:url(https://erweckedeinpotential.de/wp-content/uploads/2024/01/pexels-cedric-fauntleroy-7220681.jpg)"></div><div class="wp-block-cover__inner-container is-layout-flow wp-block-cover-is-layout-flow">
<p class="has-text-align-center has-text-color" style="color:#1d7da8;font-size:95px;font-style:normal;font-weight:900"><strong>Liebe Frieden Harmonie Singen</strong> </p>



<div class="wp-block-buttons is-content-justification-center is-layout-flex wp-container-core-buttons-is-layout-a89b3969 wp-block-buttons-is-layout-flex" id="https://erweckedeinpotential.de/wp-admin/post.php?post=2734&amp;action=edit">
<div class="wp-block-button"><a class="wp-block-button__link wp-element-button">mehr erfahren</a></div>
</div>



<p class="has-text-align-center has-text-color has-background has-large-font-size" style="color:#1d7da8;background-color:#f2f0f1ba;font-style:normal;font-weight:700">jeden Morgen von 8.30 Uhr bis 9.00 Uhr für ALLE und ALLES auf Zoom &#8211; DU WILLST AUCH EINEN BEITRAG LEISTEN DAFÜR &#8211; Bitte nimm Kontakt auf wir freuen uns, HERZLICH WILLKOMMEN! <strong> </strong></p>
</div></div>



<div class="wp-block-cover alignfull is-light has-parallax" style="min-height:947px;aspect-ratio:unset;"><span aria-hidden="true" class="wp-block-cover__background has-background-dim"></span><div role="img" class="wp-block-cover__image-background wp-image-2756 has-parallax" style="background-position:50% 50%;background-image:url(https://erweckedeinpotential.de/wp-content/uploads/2024/01/LPHF-Banner-Webseite--1024x576.jpg)"></div><div class="wp-block-cover__inner-container is-layout-flow wp-block-cover-is-layout-flow">
<h2 class="wp-block-heading has-text-align-center has-background-color-color has-text-color has-x-large-font-size"><strong>ENTSPANNUNG &amp; VERSTÄRKUNG DEINES WOHLBEFINDENS </strong></h2>



<h1 class="wp-block-heading has-text-align-center has-background-color-color has-text-color has-x-large-font-size"><strong>im Liebe Frieden Harmonie Feld</strong></h1>



<p class="has-text-align-center has-text-color has-x-large-font-size" style="color:#1ee8e8"><strong>PAUSIERT BIS ENDE NOVEMBER 2024 </strong></p>



<div class="wp-block-buttons is-content-justification-center is-layout-flex wp-container-core-buttons-is-layout-a89b3969 wp-block-buttons-is-layout-flex">
<div class="wp-block-button"><a class="wp-block-button__link wp-element-button" href="https://erweckedeinpotential.de/en/bewegte-und-stille-meditation-im-liebe-frieden-harmonie-feld/">mehr erfahren</a></div>
</div>
</div></div>



<div class="wp-block-cover alignfull is-light has-parallax" style="min-height:45em;aspect-ratio:unset;"><span aria-hidden="true" class="wp-block-cover__background has-background-dim-0 has-background-dim"></span><div role="img" class="wp-block-cover__image-background wp-image-1955 has-parallax" style="background-position:50% 50%;background-image:url(https://erweckedeinpotential.de/wp-content/uploads/2022/09/pexels-dua-chuot-917076a.jpg)"></div><div class="wp-block-cover__inner-container is-layout-flow wp-block-cover-is-layout-flow">
<p class="has-text-align-center has-text-color" style="color:#dd2764;font-size:72px"><strong>Sei gut zu dir!</strong></p>



<p class="has-text-align-center has-text-color has-large-font-size" style="color:#007a10"><strong> jeden 2. Freitag im Monat<br>18:30 &#8211; 19:30 Uhr</strong><br><strong>Online auf Zoom </strong></p>



<p class="has-text-align-center has-text-color has-x-large-font-size" style="color:#dd2764"><strong>nächster Termin: pausiert bis Juni 2024</strong></p>



<div class="wp-block-buttons is-content-justification-center is-layout-flex wp-container-core-buttons-is-layout-a89b3969 wp-block-buttons-is-layout-flex">
<div class="wp-block-button is-style-fill"><a class="wp-block-button__link has-white-color has-accent-background-color has-text-color has-background wp-element-button" href="https://erweckedeinpotential.de/en/lichtbaden/">Mehr erfahren&#8230;</a></div>
</div>
</div></div>

<p>Erkenne und lebe deine Berufung für Erfüllung und Glücklichsein Seit 2012 helfe ich Menschen ihr Herz zu öffnen, um die Botschaften ihrer wahren Essenz zu erkennen, zu verstehen und dann umzusetzen. Das ist die Basis, um im Einklang von Herz und Verstand zu leben. Jeder ist einzigartig mit seinen besonderen [&hellip;]</p>
